4*l - h + 151, 73 = 3*l + i*h. Is l composite?
False
Suppose 0 = -5*u - 0*u - 1250. Let m = -131 - u. Is m a prime number?
False
Is -1*(-56 - (-12)/(-4)) prime?
True
Suppose 3*m - 3 = 6. Let p(o) = 2*o - 2. Let h be p(m). Suppose h*d - 84 = -0*z - 4*z, -2 = -z. Is d composite?
False
Suppose 0 = -2*d - 3*t + 260, 0*t = -2*d + 3*t + 248. Is d composite?
False
Suppose 3*s - 1266 = -3*s. Is s prime?
True
Suppose -2*g = 5*w - 961, -g = -2 - 1. Is w composite?
False
Suppose -3*f - 8 = 2*j, j + 6*f + 14 = 2*f. Suppose -j - 1 = -o. Is o composite?
False
Let p(x) = 2*x**2 + 6*x + 9. Is p(-11) a prime number?
False
Let t = -25 - -69. Let d = 65 - t. Is d composite?
True
Suppose m - 3*q = -0*m + 508, 5*m - 2514 = 2*q. Suppose -5*g + 3*g + m = 0. Is g a prime number?
True
Let z be (-42)/(6/8*1). Let t = z + 95. Is t a prime number?
False
Suppose 15*j - 23*j + 61208 = 0. Is j a composite number?
True
Let u(j) = -86*j + 15. Is u(-9) a prime number?
False
Suppose 3*a - c = 997, 5*a - 3*c = -5*c + 1647. Is a a composite number?
False
Suppose -5*r = -4*z - 4, -z + 1 + 3 = 0. Suppose 2*m = 3*d - 1 + 7, -2*m + 20 = r*d. Suppose 25 = q + m. Is q composite?
False
Suppose -28*b + 29*b = 669. Is b composite?
True
Let u be -1*(-20)/(-16)*-4. Suppose -2*o + 1667 = 3*o + 3*m, u*m = -2*o + 682. Is o a prime number?
True
Let y(r) = -r**3 - 12*r**2 - 16*r + 10. Is y(-11) prime?
False
Is -3 - (-7 + 1) - -163 a composite number?
True
Let j be 6 + 3/(-3 + 2). Let b(l) = 2*l**3 - l**2 - 2*l - 4. Is b(j) a composite number?
True
Suppose -4*u + 2467 = 3*t, -19*u + 15*u + 2447 = -t. Is u a composite number?
False
Suppose p - 1945 = o, -4*o - 9729 = -5*p - 0*o. Is p composite?
False
Is ((-267)/(-3))/(0 + 1) a composite number?
False
Suppose 4*q + 7 - 19 = 0. Let v = 14 + 76. Suppose 5*m - 3*y = v, -3*y + 60 = 2*m + q*m. Is m a prime number?
False
Suppose -2*u - 90 = u. Is (1 + u)/((-3)/6) a prime number?
False
Suppose 5*i + 4*o + 78 = 8*o, 0 = 4*i - 4*o + 60. Let g be 1 - 1/((-1)/(-3)). Is i*(14/(-6) - g) prime?
False
Let h = 353 - 142. Is h composite?
False
Let b(a) = -41*a + 8. Is b(-13) prime?
True
Suppose 0 = 3*p - p - 116. Is p prime?
False
Let l = 36 - -19. Is l composite?
True
Let b(v) = v**3 - 5*v**2 - 7*v + 8. Let l be b(6). Let h be 4 - 4/l - 2. Is (-7 + h - 0)*-2 composite?
True
Is (-1 + 0)*-2 + (-17920)/(-32) composite?
True
Is 1944/1 + (-3 - -4) composite?
True
Suppose 5*x + 2*p - 1527 = 0, 0 = x + p + p - 307. Is x a prime number?
False
Let b = -118 + 333. Let o = b - 124. Is o prime?
False
Let b be (-9)/(-1) - (0 + 0). Suppose -2*j + b = j. Suppose 3 = -j*g + 48. Is g composite?
True
Let n = -19 + 19. Suppose -653 = -y - n*y. Is y prime?
True
Let k = -95 + 190. Is k a prime number?
False
Let h(p) = -p**2 + p + 2609. Is h(0) composite?
False
Let g(z) = 26*z + 3. Let t(d) = 27*d + 4. Let s(w) = 5*g(w) - 4*t(w). Suppose i = -i + 2. Is s(i) a composite number?
True
Let s(c) be the third derivative of -3*c**2 + 7/20*c**5 + 0 + 1/2*c**3 + 1/6*c**4 + 0*c. Is s(-2) a prime number?
True
Suppose 152 = 5*d - 293. Is d a composite number?
False
Suppose 2*o - 5*u + 28 = -7, -4*o - 57 = 3*u. Let v = o - -21. Is v a composite number?
True
Let x(z) = z**3 - 10*z**2 - 9*z + 13. Let i(d) = d**3 - 9*d**2 - 8*d + 12. Let p(o) = 4*i(o) - 3*x(o). Is p(7) composite?
False
Let h(l) = -9*l + 0 + 2 + 29*l + 43*l. Is h(3) prime?
True
Suppose 2*w + 6*m = 2*m + 1278, -m = -2*w + 1258. Is w a composite number?
False
Let x = -213 + 401. Suppose 4*o = 2*u + 2*u - 180, 4*u + 4*o - x = 0. Is u a prime number?
False
Let a(d) = -20*d + 17. Is a(-12) a prime number?
True
Let f = 969 - 2029. Let y = f - -1613. Is y composite?
True
Let p(z) = 95*z + 1. Is p(2) a prime number?
True
Let s(l) = 5 - 2*l + 4 + 13*l**2 - 5. Let q(k) = k**3 - k**2 - 3. Let r be q(0). Is s(r) composite?
False
Let b = -9 - -6. Let d = b + 4. Let j(p) = 23*p**2 - p + 1. Is j(d) a prime number?
True
Suppose 0 = v - 0*v. Suppose 0 = 4*i + 3*h - 24, i + v*i - h + 1 = 0. Suppose -5*d = i*s - 159, -s + 106 = s + 2*d. Is s prime?
True
Let q be (-2505)/(-12) - (-2)/8. Let y = -46 + q. Is y composite?
False
Suppose 0 = 4*s - 4*m - 264, 2*m = -5*s + 3*m + 314. Let q = s - 41. Is q prime?
False
Let j = 3 + -11. Is (1 + j)/(1/(-71)) prime?
False
Is (2/3)/((-8)/(-2328)) a composite number?
True
Let a(c) = 9*c**2 - 2*c - 8. Let z(d) = -3 - 4 + 6. Let r(b) = a(b) - 4*z(b). Is r(-3) a composite number?
False
Let h be (-7)/(-14) + (-22)/(-4). Let o = 63 - h. Is o a prime number?
False
Suppose 103 = b - 3*s, -2*b - 5*s + 62 = -89. Suppose -4*z - d + 77 = 0, 0*d = 5*z + 4*d - b. Is 3 + z - 2/1 composite?
True
Suppose -7*i + 18*i = 3223. Is i composite?
False
Let y = 105 + -38. Is y a prime number?
True
Let a(y) = y - 10. Let l be a(10). Suppose 2*k + k - 111 = l. Is k a composite number?
False
Suppose 0 = -4*l + 5*b - 2*b - 487, -2*l - 2*b - 254 = 0. Is 21/2*l/(-6) prime?
False
Suppose -27 = -4*k + 9. Let r(t) = t**2 - 4*t - 11. Is r(k) prime?
False
Let z = 10 - 7. Suppose -3*h - 4*a = -8, 4 + 0 = 4*h + 2*a. Suppose h = k - 2*f + z*f - 5, 3 = -3*f. Is k a composite number?
True
Let o(g) = 32*g - 7. Let i(y) = y. Let w be i(6). Is o(w) composite?
True
Let b(o) be the second derivative of 4*o**3/3 - 9*o**2/2 + 3*o. Let z = -1 - -7. Is b(z) composite?
True
Suppose -1885 = -5*l + 2*r, 3*r - 468 = -l - 74. Is l a prime number?
True
Suppose -25 = -5*h - 10. Suppose 3*o = -5*g + 91, -o + h*g = 3*o - 73. Is o a composite number?
True
Let y(i) be the second derivative of 11*i**4/12 - i**3/3 - i. Let l be y(4). Let n = -77 + l. Is n composite?
True
Let p(r) = 16*r - 3. Let d(c) = 273*c - 52. Suppose 3*f = -2*b - 68 - 78, -280 = 5*f - 4*b. Let k(o) = f*p(o) + 3*d(o). Is k(-3) composite?
True
Let v = -3219 + 4730. Is v a prime number?
True
Let c be 2/4*0 + 0. Let z = 1 - c. Is 1/(z*(-3)/(-165)) prime?
False
Let f(u) = -28*u - 1. Is f(-9) prime?
True
Suppose 2*x = 11 + 9. Is 4/x - 263/(-5) composite?
False
Let h = -412 - -719. Is h a prime number?
True
Suppose 2*b - f - 1287 = -0*b, 3220 = 5*b - 3*f. Is b composite?
False
Suppose 0 = -16*t + 8*t + 24368. Is t composite?
True
Suppose 5*j - 300 = 265. Is j composite?
False
Let k(d) = d**3 + 11*d**2 + 9*d - 7. Is k(-9) a prime number?
False
Suppose 5*i - 2584 - 5046 = 0. Is i/8 - 1/(-4) a composite number?
False
Let n be 10/(-45) + 29/9. Suppose n*h - 155 = -5*y, 171 = 5*h - y - 106. Is h a prime number?
False
Let n(k) = -86*k - 31. Is n(-9) prime?
True
Let t = -3314 + 5675. Suppose t = 3*y - 0*q - 3*q, 3*y - 2361 = q. Is y a composite number?
False
Let z(b) = 8*b**3 - b**2 + b + 1. Let f be z(-1). Let c = f - -13. Let d(m) = -m**3 + 4*m**2 + 4*m - 3. Is d(c) a composite number?
False
Suppose 0*r + 9708 = 4*r. Is r a composite number?
True
Let o(q) = 0 + 7*q + 0. Let n be o(2). Suppose -6 = -2*x + n. Is x a prime number?
False
Let h be 1/2*(0 + 58). Suppose -p = -86 + h. Is p a prime number?
False
Suppose -3*w - 24 = -p - p, -2*p = 2*w + 26. Let t be w/(-2)*4/10. Suppose -t*v = -4*v + 38. Is v composite?
False
Is 18 + -16 + -1 + 88 a prime number?
True
Let l = -32 - -42. Is l a prime number?
False
Let x be (-1)/5 - 130/(-25). Suppose x*o + 863 - 2638 = 0. Is o a composite number?
True
Let r be 2/7 + 1279/7. Let q = -28 + r. Suppose 3*c - 8*c + q = 0. Is c a composite number?
False
Let s be 1 + 3/(-6)*2. Suppose 7*c - 5*c - 14 = s. Is (-1 - 0)/((-1)/c) prime?
True
Let t = -3 + -3. Let k(v) = -v**2 - 3*v - 6. Let f be k(t). Let h = 89 + f. Is h composite?
True
Let y(n) be the second derivative of -n**6/360 - 3*n**5/40 + n**4/8 + n**3/6 - 2*n. Let t(u) be the second derivative of y(u). Is t(-9) composite?
False
Is (-4 + 3)/(2/(-2518)) a composite number?
False
Let n be (-1 + 3/5)*-5. Let t(o) = 19*o**2 - 4*o + 3. Is t(n) a composite number?
False
Let m(x) = 0 + 77*x**2 + x + 1 - 2*x. Let u be m(2). Let h = u - 192. Is h a composite number?
True
Suppose i + 156 - 438 = o, -2*i + 569 = -o. Is i prime?
False
Let o = -77 - -139. Is o prime?
False
Let a(n) = -n**3 - 2*n**2 + 3*n + 4. Let h be a(-3). Let z be h/(-14) + 184/56. Suppose -z*k = 4*d - 62, 0 = -4*d + 4*k - 19 + 67. Is d prime?
False
Suppose -2*k + 4 = -2. Suppose 5*r = -0*r. Suppose -3*h + 114 = -5*l, k*h + 0*h + l - 96 = r. Is h prime?
False
Let b = 27 -